e remainder when 4587445 is divided by 280?
205
What is the remainder when 49624 is divided by 2064?
88
Calculate the remainder when 6468876 is divided by 3234398.
80
Calculate the remainder when 27849132 is divided by 6962278.
20
What is the remainder when 863967 is divided by 2?
1
Calculate the remainder when 207542 is divided by 51682.
814
What is the remainder when 452069 is divided by 225570?
929
What is the remainder when 765502 is divided by 13669?
38
What is the remainder when 40125 is divided by 40115?
10
What is the remainder when 98173946 is divided by 777?
773
Calculate the remainder when 5669302 is divided by 650.
2
What is the remainder when 52694 is divided by 893?
7
Calculate the remainder when 11515929 is divided by 4668.
4641
Calculate the remainder when 23288 is divided by 1281.
230
What is the remainder when 87148 is divided by 4920?
3508
Calculate the remainder when 105213 is divided by 553.
143
What is the remainder when 155947350 is divided by 62?
52
What is the remainder when 47556 is divided by 22201?
3154
Calculate the remainder when 847971 is divided by 211966.
107
What is the remainder when 3353389 is divided by 9?
7
Calculate the remainder when 89632 is divided by 12778.
186
Calculate the remainder when 1300795 is divided by 325198.
3
Calculate the remainder when 2160430 is divided by 280.
230
What is the remainder when 13776701 is divided by 393620?
1
What is the remainder when 176195 is divided by 58579?
458
Calculate the remainder when 620794 is divided by 27.
10
What is the remainder when 305430774 is divided by 587?
586
Calculate the remainder when 421329 is divided by 24506.
4727
Calculate the remainder when 3424259 is divided by 54353.
20
What is the remainder when 51222 is divided by 10198?
232
What is the remainder when 1862605 is divided by 15521?
85
What is the remainder when 3174365 is divided by 2697?
2693
Calculate the remainder when 37140 is divided by 5913.
1662
What is the remainder when 383840832 is divided by 45728?
0
Calculate the remainder when 1391032 is divided by 463675.
7
Calculate the remainder when 1372928 is divided by 651.
620
What is the remainder when 1531688398 is divided by 36?
34
What is the remainder when 1301108 is divided by 39427?
17
What is the remainder when 5186564 is divided by 29?
1
Calculate the remainder when 491590 is divided by 551.
98
Calculate the remainder when 321293 is divided by 5735.
133
What is the remainder when 8888905 is divided by 29?
28
What is the remainder when 21464736 is divided by 430?
426
What is the remainder when 70183 is divided by 22931?
1390
Calculate the remainder when 869001 is divided by 2998.
2579
Calculate the remainder when 1302388 is divided by 1600.
1588
Calculate the remainder when 6005946 is divided by 35.
16
What is the remainder when 713422 is divided by 1193?
8
Calculate the remainder when 248026 is divided by 62000.
26
What is the remainder when 4823487 is divided by 721?
718
What is the remainder when 8884090 is divided by 74034?
10
What is the remainder when 896998 is divided by 3227?
3119
What is the remainder when 44261996 is divided by 11065496?
12
Calculate the remainder when 351985 is divided by 4287.
451
What is the remainder when 804738 is divided by 201172?
50
Calculate the remainder when 6192998 is divided by 104.
6
Calculate the remainder when 345617 is divided by 21601.
1
Calculate the remainder when 21675 is divided by 10631.
413
What is the remainder when 464710 is divided by 3802?
866
Calculate the remainder when 1672876 is divided by 778.
176
Calculate the remainder when 264682 is divided by 395.
32
What is the remainder when 21716111 is divided by 73?
71
Calculate the remainder when 9299801 is divided by 273523.
19
What is the remainder when 32975908 is divided by 99?
97
Calculate the remainder when 2093019 is divided by 2907.
2886
Calculate the remainder when 453120 is divided by 209.
8
Calculate the remainder when 1325300 is divided by 220881.
14
Calculate the remainder when 350119 is divided by 24417.
8281
What is the remainder when 1591134 is divided by 350?
34
Calculate the remainder when 16872472 is divided by 5624133.
73
What is the remainder when 1004778 is divided by 1882?
1672
Calculate the remainder when 9057 is divided by 1354.
933
Calculate the remainder when 2269754 is divided by 64.
58
Calculate the remainder when 78228883 is divided by 552.
547
Calculate the remainder when 32183579 is divided by 7892.
3
Calculate the remainder when 252569177 is divided by 261.
260
Calculate the remainder when 28966506 is divided by 1287.
1284
What is the remainder when 15706329 is divided by 3926577?
21
What is the remainder when 18587550 is divided by 6538?
16
What is the remainder when 5112800 is divided by 159?
155
What is the remainder when 1795831 is divided by 224472?
55
Calculate the remainder when 2226430 is divided by 14090.
210
Calculate the remainder when 1735285 is divided by 18266.
15
What is the remainder when 36666 is divided by 2817?
45
What is the remainder when 39877 is divided by 411?
10
Calculate the remainder when 16063860 is divided by 4316.
4024
What is the remainder when 204973 is divided by 2852?
2481
What is the remainder when 8091690 is divided by 15835?
5
Calculate the remainder when 108971 is divided by 108743.
228
Calculate the remainder when 42925758 is divided by 1696.
1694
Calculate the remainder when 15341063 is divided by 147.
143
What is the remainder when 486018 is divided by 1859?
819
Calculate the remainder when 802482 is divided by 1012.
978
What is the remainder when 400615 is divided by 99996?
631
What is the remainder when 11627008 is divided by 150?
58
What is the remainder when 9066974 is divided by 10?
4
Calculate the remainder when 397748 is divided by 5602.
6
What is the remainder when 10497 is divided by 2100?
2097
What is the remainder when 89455443 is divided by 17891088?
3
What is the remainder when 9739869 is divided by 1947972?
9
What is the remainder when 174604165 is divided by 116?
37
What is the remainder when 296479 is divided by 74017?
411
What is the remainder when 139899071 is divided by 58?
55
Calculate the remainder when 11732842 is divided by 3984.
3946
Calculate the remainder when 42537718 is divided by 1511.
46
Calculate the remainder when 37371 is divided by 1068.
1059
What is the remainder when 392685 is divided by 196303?
79
Calculate the remainder when 1574931 is divided by 1490.
1
What is the remainder when 178363 is divided by 270?
163
Calculate the remainder when 1635647 is divided by 450.
347
Calculate the remainder when 6396707 is divided by 710720.
227
Calculate the remainder when 61100 is divided by 64.
44
Calculate the remainder when 26675655 is divided by 1269.
6
What is the remainder when 792599 is divided by 56606?
115
What is the remainder when 221449 is divided by 3810?
469
What is the remainder when 24386696 is divided by 26?
22
Calculate the remainder when 52592 is divided by 26287.
18
What is the remainder when 36398021 is divided by 219?
2
Calculate the remainder when 40382 is divided by 9995.
402
Calculate the remainder when 243725 is divided by 243335.
390
What is the remainder when 1319087 is divided by 659537?
13
What is the remainder when 487210 is divided by 162367?
109
Calculate the remainder when 38124968 is divided by 223.
219
What is the remainder when 394436 is divided by 657?
236
What is the remainder when 99606 is divided by 2575?
1756
Calculate the remainder when 179569 is divided by 630.
19
Calculate the remainder when 132932 is divided by 16610.
52
Calculate the remainder when 958151 is divided by 2555.
26
What is the remainder when 633402 is divided by 2946?
12
What is the remainder when 905013 is divided by 5355?
18
Calculate the remainder when 94789308 is divided by 1008.
12
Calculate the remainder when 59728344 is divided by 16925.
19
Calculate the remainder when 3304176 is divided by 3126.
3120
Calculate the remainder when 114458381 is divided by 50.
31
Calculate the remainder when 45032762 is divided by 752.
746
Calculate the remainder when 7043176 is divided by 123.
73
Calculate the remainder when 13998 is divided by 11059.
2939
What is the remainder when 1261360 is divided by 90097?
2
What is the rem